 of 4924/12 + (p/15 - 0)?
2, 5, 41
Let a be 3 + (-2)/4*(-3 + 65). Let x be 16/(-14)*a/8. Suppose 228 = x*o - o. What are the prime factors of o?
2, 19
Let c = -324 + 329. Let g(o) = 5*o**2 - 8*o + 25. What are the prime factors of g(c)?
2, 5, 11
Suppose 3*y + 4*g = -1046, 5*y = -0*y + 2*g - 1700. Let f be ((-40)/6)/(-2)*y/19. Let v = 45 - f. What are the prime factors of v?
3, 5, 7
Suppose -13*o = -19 - 7. Let d(a) = 9*a**3 - 3*a**2 + 5*a - 2. What are the prime factors of d(o)?
2, 17
Let y be (-24)/(-18)*21/2. Suppose -3*g - k - 6 = -4*k, -y = -g - 3*k. Suppose 5*a - g*d = 0, 5 + 6 = -2*a + 3*d. What are the prime factors of a?
2
Let b = -81 + 87. Let j(g) = -52*g - 9 + 7 + b. What are the prime factors of j(-3)?
2, 5
Suppose -14 - 6 = -5*n. Suppose -z + n*z + 605 = -4*k, k = 2*z - 154. Let q = k - -227. What are the prime factors of q?
3, 5
List the prime factors of (783/522)/(6/832).
2, 13
Suppose -4844 = 814*c - 815*c. List the prime factors of c.
2, 7, 173
Suppose 0 = -z - 3*n + 10747, -42948 = -10*z + 6*z - 4*n. List the prime factors of z.
2, 2683
Suppose 7 = 4*j + 3*y, -5*j - y = 2*y - 11. Suppose 0 = -j*z + 4*m, -2*z + 26 = 3*m + 6. What are the prime factors of 111 + z + -9 - 4?
2, 3, 17
Let h = 346 + -341. Suppose h*g - g = 3048. What are the prime factors of g?
2, 3, 127
Suppose -20*x = 14 - 94. Suppose x*g - 27 = l, -g + 8*l - 5*l = -15. What are the prime factors of g?
2, 3
Let z be -62 + -1 + 10/(-5). Let f = z - 26. Let q = -85 - f. List the prime factors of q.
2, 3
Suppose 638*b + 638*b = 1294*b - 93006. What are the prime factors of b?
5167
List the prime factors of 258*-291*(-152)/57*2/24.
2, 43, 97
Suppose m - 5*y + 23146 = 3*m, 0 = -2*m - 2*y + 23134. What are the prime factors of m?
31, 373
Suppose 0 = -4*u, 16*u = l + 18*u - 4. What are the prime factors of l + -6 + (-6512)/(-11)?
2, 5, 59
What are the prime factors of (91 + -546)*(-1 - (-646)/(-10)*1)?
2, 7, 13, 41
Let a be (267 - (-3)/1)*(-260)/(-60). Suppose -11*m = 2*m - a. What are the prime factors of m?
2, 3, 5
Let j be (6 + (-136)/20)*-5. Suppose 0 = -3*v + j*w + 936 + 56, 0 = -2*v + 4*w + 664. List the prime factors of v.
2, 41
Let v(n) = -143*n**3 - 16*n**2 - 79*n + 22. List the prime factors of v(-6).
2, 3851
What are the prime factors of 16953*42*(-10)/(-180)?
7, 5651
List the prime factors of 3/(168/(-32))*-7 + 3293.
3, 7, 157
Suppose 28*s + 10*s = 281*s - 9075564. List the prime factors of s.
2, 9337
Let k(b) = -10*b - 5*b + 20*b - 9*b - 8. Let c be k(-6). Suppose -c + 5 = -h. List the prime factors of h.
11
Let m(o) = 219*o**2 + 5*o + 4. Let f be m(-2). Suppose f = 7*k - 523. List the prime factors of k.
199
Suppose 12*n - 215407 + 11731 = 0. Suppose -6*j - n = -17*j. What are the prime factors of j?
1543
Let z = -5964 + 13282. What are the prime factors of z?
2, 3659
Suppose -38*m - 10 = -40*m. Let a be (-114)/m*70/(-3). Suppose -25*s - a = -29*s. List the prime factors of s.
7, 19
Let m be 3/(-5) - (-279)/15. List the prime factors of m/6*1 + 13.
2
Let c(b) = 26*b**2 + 14*b - 10. Let s be c(-7). Suppose 4*g - 1152 = 5*p - 7*p, 2*p - 3*g = s. List the prime factors of p.
2, 5, 29
Suppose 0 = 10*d + 6*d - 9968. Let p = -434 + d. What are the prime factors of p?
3, 7
Let y = -218 - 20. Let w = y + 604. List the prime factors of w.
2, 3, 61
Suppose 8*r - 24 = -4*r. Suppose 3*g + 3*u = -3, -5*g + 2*u - 4 = 6*u. Suppose -q + 2*q - r*n = 89, g = -4*q + 3*n + 336. List the prime factors of q.
3
Let h(r) = -17*r - 79*r + 6*r - 67 + 4*r - 4*r. List the prime factors of h(-13).
1103
Let h(j) = 3*j**2 - 7*j + 39. Let k(r) = 5*r**2 - 15*r + 78. Let i(w) = -7*h(w) + 4*k(w). What are the prime factors of i(-8)?
3, 7
Let m(h) = 176*h**2 + 239*h + 22. List the prime factors of m(12).
2, 19, 743
List the prime factors of (-2)/4 - 441371/(-238).
2, 3, 103
Let l(t) = 21*t**3 + 11*t**2 - 7*t + 370. What are the prime factors of l(10)?
2, 5, 7
Let z(j) = 8*j - 6. Let a be z(2). Let d be (24/(-10))/((-4)/a) + -1. Suppose -320 - 15 = -d*w. What are the prime factors of w?
67
Let o = -113 + 115. Suppose -3*i + o*x = -4*i + 128, -i - 3*x = -125. Let c = i + -97. List the prime factors of c.
37
Suppose -598 + 601 = f. Suppose -f*o - 3*h = -266 - 604, 3*o = -h + 870. What are the prime factors of o?
2, 5, 29
Let g(z) = 90*z**2 - 12. Let h be g(-4). Suppose 4*b = 2*a - 44 + h, 0 = 4*b - 4*a - 1380. What are the prime factors of b?
347
Let k be 10/(4/(-10) - (-3)/5). Let o = k - 48. Suppose 4*g = -2*c + 88, -o*g + 18 - 234 = -4*c. List the prime factors of c.
2, 13
Let p = -626 - -629. Suppose 0 = -p*s + 450 + 1329. List the prime factors of s.
593
Let o(g) be the third derivative of -g**5/30 + 7*g**4/8 + 5*g**3/3 + 7*g**2. Let k be o(11). List the prime factors of 1 + 1 - k*46.
2, 3
Let j(n) = 2*n**2 + 2*n - 2. Let r be j(-2). Suppose -35 = -r*y + 21. Suppose 26*v + 6 = y*v. List the prime factors of v.
3
Suppose 0 = -472*h + 473*h - 23142. What are the prime factors of h?
2, 3, 7, 19, 29
Let q = 3722 + -3639. List the prime factors of q.
83
Suppose 3616 - 366 = 10*z. Suppose h = -0*h + z. What are the prime factors of h?
5, 13
Suppose -7512 = -3*t + 3*n, 3*t + 75*n - 71*n = 7540. What are the prime factors of t?
2, 3, 11, 19
Let v be (-1)/((-1)/4)*(-65)/(-52). Suppose v*b = l - 5*l + 133, l + 3*b - 28 = 0. List the prime factors of l.
37
Suppose -3*k - 5*t = -65535, 5*k - 22*t + 21*t - 109197 = 0. What are the prime factors of k?
2, 3, 5, 7, 13
Suppose -4*m = 2*m. Suppose 3*u = 5*g + 402, 3*u - 8*u - g = -698. Suppose -1 = s - 2, 2*r + s - u = m. List the prime factors of r.
3, 23
Let z = 181 + -186. List the prime factors of z - 1*(-4 + -1) - -154.
2, 7, 11
Suppose -d = -4, 0 = -5*b - 5*d + 4*d - 5311. Let r = b - -2400. What are the prime factors of r?
7, 191
What are the prime factors of (22617/42 - (2 - -1) - -5)*2?
23, 47
Let n be -2*(8/12 - 5/3). Suppose -7 = d + 2*j - n, -2*d - 2*j - 6 = 0. Let v(i) = -155*i**3 + i**2 + i + 1. List the prime factors of v(d).
2, 3, 13
Suppose -2*o - d + 1914 = 0, 3*o - 3345 = 5*d - 461. Suppose -3*m + 497 + o = 3*y, 0 = -5*m + 4*y + 2443. What are the prime factors of m?
487
Let k(c) be the first derivative of c**4/4 - 2*c**3/3 - c**2/2 + 18*c - 44. List the prime factors of k(8).
2, 197
List the prime factors of -6 + (11/(-22))/(3/(-88692)).
2, 1847
Let f be 8/14 - (560/(-49))/8. Suppose f*s = -4*k + 3744, 0 = 7*k - 10*k - s + 2810. What are the prime factors of k?
2, 7, 67
Suppose -242 = -6*f - 224. Suppose 3*b - f*n = 798, 7*n + 1082 = 4*b + 12*n. List the prime factors of b.
2, 67
Let q be (24/(-27))/(-4) - 3036/54. Let j = q + 58. Suppose 0 = -j*m - 5*o + 171, -5*m + 2*o + 393 = 3*o. List the prime factors of m.
2, 3, 13
Suppose 6*a - 27*a = -0*a - 354312. What are the prime factors of a?
2, 3, 19, 37
What are the prime factors of (-418)/(-152) + (-70338)/(-8)?
5, 1759
Suppose -40*r + 141*r = -85*r + 4169376. What are the prime factors of r?
2, 3, 467
Suppose -10*l + 4*l = 78. Let y be -1 + (-409)/(-1) - 26/l. Suppose -100 + y = 5*s. List the prime factors of s.
2, 31
Suppose 2*p = -0*d + 3*d + 19, -d + 5*p = 15. Let z be (-6)/(1 + d/2). Suppose -z*o = 5*o - 180. List the prime factors of o.
2, 5
Suppose -5*z = o - 6395, -5*o - 15*z = -18*z - 32115. List the prime factors of o.
2, 3, 5, 107
Suppose z - r - 43748 = -12267, -62995 = -2*z - 9*r. List the prime factors of z.
2, 17, 463
What are the prime factors of -576*(598/(-39) - -14)?
2, 3
Let d(k) = -k**3 + 4*k**2 + 8*k + 7. Let p be d(-2). Suppose -8 = -2*h, -18*h = 5*b - p*h - 5547. What are the prime factors of b?
3, 41
Let x = 9274 + -8423. What are the prime factors of x?
23, 37
Let w(u) be the third derivative of 31*u**5/60 + u**4/12 + 4*u**2 + 16*u. Let n(p) = -p - 8. Let x be n(-9). List the prime factors of w(x).
3, 11
Suppose 0 = -4*x + f + 17, 2*x + x - 4*f - 3 = 0. Suppose 0 = x*k - 529 - 2231. What are the prime factors of k?
2, 3, 23
Let d be 1361 - (12/8 - (-10)/(-4)). Let n = -127 + d. List the prime factors of n.
5, 13, 19
Let g be 3/18 + 332/24. Suppose 3430 = -7*r + g*r. What are the prime factors of r?
2, 5, 7
Let l(t) = -t**3 + 12*t**2 - 3*t + 26. Let k be l(12). Let r be (-22)/k + (-3)/15. What are the prime factors of 87/r*(-24)/(-18) + -4?
2, 3
Suppose -5*x 